se 14) in base 11?
5627
239 (base 16) to base 8
1071
Convert -17801 (base 11) to base 13.
-b466
What is 392 (base 11) in base 16?
1d0
Convert -2612 (base 8) to base 5.
-21133
Convert -5652 (base 8) to base 13.
-1489
Convert -49 (base 16) to base 4.
-1021
What is -55 (base 6) in base 14?
-27
What is -22489 (base 10) in base 14?
-82a5
What is 10100001011 (base 2) in base 14?
683
Convert 1265 (base 13) to base 16.
a3a
What is -2053 (base 6) in base 16?
-1d1
What is 100110001101 (base 2) in base 10?
2445
Convert 9ab (base 16) to base 13.
1185
What is -6584 (base 12) in base 8?
-25664
Convert 444 (base 6) to base 12.
124
What is -111001101011 (base 2) in base 3?
-12001201
Convert 20203313 (base 4) to base 7.
204140
What is 2134 (base 6) in base 15?
22a
Convert 212222 (base 3) to base 16.
287
Convert -52454 (base 7) to base 11.
-9791
245c8 (base 13) to base 2
10000010101100111
-124 (base 14) to base 6
-1020
What is -993 (base 14) in base 6?
-12433
What is -17658 (base 10) in base 2?
-100010011111010
Convert -348a (base 12) to base 16.
-16ea
What is -2022210 (base 3) in base 13?
-a05
What is 14a6 (base 16) in base 13?
2538
What is 115 (base 10) in base 16?
73
1010111111 (base 2) to base 8
1277
What is -49b3 (base 12) in base 7?
-33216
-25032 (base 6) to base 9
-5052
-4717 (base 9) to base 6
-24111
What is -3c58 (base 16) in base 15?
-489d
-110302 (base 5) to base 13
-1985
1479 (base 12) to base 6
15033
Convert 10542 (base 6) to base 3.
2001122
What is -431 (base 5) in base 14?
-84
What is 13 (base 13) in base 12?
14
What is -10330320 (base 4) in base 11?
-14267
-46756 (base 11) to base 16
-10782
What is -1677 (base 9) in base 2?
-10100000101
What is -333 (base 5) in base 10?
-93
3042414 (base 5) to base 10
49734
Convert 35a (base 16) to base 8.
1532
What is 2b5 (base 15) in base 11?
514
Convert -17ece (base 15) to base 5.
-4440334
Convert 10145 (base 7) to base 2.
100110110011
Convert -145500 (base 6) to base 4.
-3132030
What is c2 (base 16) in base 9?
235
221110 (base 3) to base 2
1010101111
What is -4321 (base 7) in base 10?
-1534
36162 (base 9) to base 4
11322002
What is -1673 (base 9) in base 12?
-8a9
134 (base 9) to base 14
80
Convert 3348 (base 11) to base 16.
1138
Convert -8b (base 15) to base 10.
-131
3243 (base 10) to base 3
11110010
1331 (base 7) to base 10
512
3f3b (base 16) to base 11
11186
What is -23302 (base 4) in base 10?
-754
2542 (base 6) to base 9
778
What is 111100110010 (base 2) in base 12?
2302
15411 (base 10) to base 6
155203
-b43b (base 14) to base 4
-13210231
Convert a672 (base 15) to base 2.
1000100110000111
Convert -2113313 (base 4) to base 12.
-575b
1001111101100011 (base 2) to base 10
40803
Convert -1340 (base 8) to base 10.
-736
What is -1010000111 (base 2) in base 11?
-539
Convert 11032 (base 5) to base 9.
1042
Convert -506 (base 7) to base 11.
-209
-1b411 (base 13) to base 6
-1051150
What is -40535 (base 7) in base 2?
-10011010010011
1000000000 (base 2) to base 11
426
What is 1010 (base 4) in base 9?
75
-1a6 (base 11) to base 13
-153
412a (base 12) to base 3
100201121
What is -1701 (base 11) in base 3?
-2222201
Convert -2a2 (base 11) to base 5.
-2404
What is 200102 (base 3) in base 8?
761
What is -2211 (base 6) in base 16?
-1ff
What is 26391 (base 11) in base 13?
14235
Convert -5b84 (base 12) to base 13.
-4912
What is 3130 (base 6) in base 16?
2be
Convert -337 (base 9) to base 11.
-232
Convert -c058 (base 13) to base 3.
-1100021011
What is a390 (base 11) in base 6?
143432
Convert 4522 (base 6) to base 13.
635
Convert 1821 (base 9) to base 10.
1396
356 (base 8) to base 3
22211
11000000110000 (base 2) to base 5
343321
Convert 125542 (base 6) to base 4.
2312012
445 (base 12) to base 6
2525
Convert -1120 (base 10) to base 3.
-1112111
17 (base 14) to base 2
10101
-87a (base 15) to base 4
-131323
What is 10101321 (base 4) in base 12?
a189
-113403 (base 5) to base 8
-10204
52120 (base 6) to base 4
1230300
Convert 15a2 (base 16) to base 13.
26a0
Convert a7 (base 14) to base 2.
10010011
What is -2a0 (base 12) in base 3?
-120010
What is 92a7 (base 11) in base 8?
30062
3d5 (base 14) to base 15
36a
Convert 20658 (base 9) to base 3.
200201222
1200112111 (base 3) to base 11
22a39
-3433 (base 5) to base 12
-351
What is -1100111010 (base 2) in base 11?
-691
Convert -22 (base 16) to base 7.
-46
What is 5440 (base 10) in base 6?
41104
Convert -12242 (base 5) to base 12.
-66b
12692 (base 10) to base 6
134432
Convert -300 (base 7) to base 3.
-12110
345 (base 10) to base 12
249
Convert a655 (base 13) to base 8.
55016
Convert -332 (base 4) to base 6.
-142
1854 (base 9) to base 4
112102
Convert 3600 (base 15) to base 4.
2303103
What is 211202 (base 3) in base 9?
752
What is -2177 (base 11) in base 13?
-13c7
-15305 (base 6) to base 10
-2489
Convert 4608 (base 10) to base 3.
20022200
What is 411102 (base 5) in base 3?
200012202
What is -17420 (base 9) in base 5?
-341011
Convert -15a67 (base 11) to base 9.
-33867
Convert -467 (base 8) to base 7.
-623
Convert -3132321 (base 4) to base 10.
-14265
What is c (base 15) in base 12?
10
What is 15ba (base 13) in base 10?
3195
What is 103313 (base 5) in base 14?
143d
Convert 116 (base 9) to base 13.
75
Convert -37d2 (base 16) to base 4.
-3133102
Convert 1236 (base 7) to base 6.
2100
-251 (base 7) to base 6
-342
223303 (base 5) to base 8
17421
Convert -4ec6 (base 16) to base 3.
-1000122220
Convert -4748 (base 13) to base 7.
-41150
Convert -29a (base 12) to base 11.
-33a
What is -2000011 (base 3) in base 5?
-21322
-11110110 (base 2) to base 3
-100010
What is 28689 (base 12) in base 13?
1c7c1
Convert 801 (base 10) to base 13.
498
16889 (base 11) to base 10
23692
Convert -1402 (base 11) to base 6.
-12225
Convert -211010211 (base 3) to base 10.
-16141
What is 5356 (base 13) in base 9?
16767
Convert 139 (base 14) to base 2.
11110111
212 (base 6) to base 12
68
Convert -17ab (base 16) to base 13.
-29b1
What is 2212 (base 8) in base 2?
10010001010
203325 (base 7) to base 12
18189
What is -20013 (base 6) in base 4?
-220221
1773 (base 13) to base 15
1069
Convert 135420 (base 6) to base 3.
122200210
2000 (base 6) to base 5
3212
Convert 22020332 (base 4) to base 11.
29229
What is -17c (base 13) in base 14?
-156
Convert 1946 (base 10) to base 9.
2602
-314 (base 6) to base 7
-226
Convert 120011 (base 4) to base 13.
917
What is 1053 (base 7) in base 12?
279
-171a5 (base 11) to base 6
-304002
-321 (base 6) to base 15
-81
What is 601 (base 8) in base 7?
1060
56520 (base 11) to base 15
19398
71e1 (base 15) to base 6
303221
13c (base 13) to base 8
334
Convert 232302 (base 4) to base 13.
1494
What is 23248 (base 10) in base 11?
16515
Convert -199 (base 11) to base 7.
-445
What is -176a (base 11) in base 12?
-137a
Convert -a34 (base 11) to base 6.
-5435
What is -225145 (base 6) in base 7?
-110144
Convert -1000100111011 (base 2) to base 16.
-113b
Convert -3322222 (base 5) to base 2.
-1110000111010100
What is -22b0 (base 14) in base 15?
-1bc4
Convert -3180 (base 11) to base 6.
-31242
28836 (base 10) to base 14
a71a
Convert -394 (base 14) to base 2.
-1011001110
Convert -155 (base 15) to base 13.
-1a6
What is -635 (base 12) in base 14?
-489
523 (base 9) to base 15
1d6
-10172 (base 8) to base 12
-2536
Convert -1194 (base 11) to base 14.
-7d1
Convert 1000110010011 (base 2) to base 9.
6148
What is -512 (base 10) in base 12?
-368
15024 (base 11) to base 5
1140242
21111211 (base 3) to base 7
21652
-1933d (base 15) to base 4
-103331011
10101101100 (base 2) to base 5
21023
What is -2671 (base 16) in base 5?
-303331
Convert -2362 (base 14) to base 5.
-144122
What is 1012 (base 4) in base 13?
55
What is -1a87a (base 11) in base 3?
-1110210022
-1185 (base 16) to base 8
-10605
Convert 3566 (base 13) to base 4.
1311200
Convert 1697 (base 11) to base 5.
32123
Convert 1a1 (base 13) to base 14.
176
Convert 3301 (base 10) to base 9.
4467
Convert -21533 (base 7) to base 12.
-3172
-674 (base 9) to base 10
-553
Convert 76043 (base 8) to base 9.
47530
22918 (base 10) to base 8
54606
What is -1646 (base 9) in base 13?
-759
Convert 1959 (base 13) to base 8.
7320
Convert 3224 (base 13) to base 15.
20de
-2c6 (base 14) to base 12
-3b2
1ac (base 13) to base 7
623
What is -300230 (base 4) in base 3?
-11021102
5335 (base 10) to base 15
18aa
Convert -6